{"id":9,"date":"2010-03-03T17:09:13","date_gmt":"2010-03-03T17:09:13","guid":{"rendered":"http:\/\/www.afro-beauty-salon.ch\/?page_id=9"},"modified":"2022-02-13T21:58:48","modified_gmt":"2022-02-13T21:58:48","slug":"seite-1","status":"publish","type":"page","link":"https:\/\/afro-beauty-salon.ch\/?page_id=9","title":{"rendered":"\u00dcber mich"},"content":{"rendered":"<p><img loading=\"lazy\" decoding=\"async\" src=\"https:\/\/afro-beauty-salon.ch\/wp-content\/uploads\/image\/diverse foto\/silvia_portraits.jpg\" alt=\"\" width=\"235\" height=\"267\" align=\"right\" hspace=\"10\"><\/p>\n<p>Ich heisse Sylvia Sandfuchs und stamme urspr\u00fcnglich aus Uganda. Ich lebe seit 1986 in der Schweiz.<\/p>\n<p>In Uganda sind die feinen Haarz\u00f6pfli sehr verbreitet und ich habe schon in meinem Herkunftsland gelernt, sie zu flechten.<\/p>\n<p>Seit 1998 habe ich ein Gesch\u00e4ft, wo ich auch Haarverl\u00e4ngerungen anbiete.<\/p>\n<p>Von 2017 bis 2021 befand es sich in B\u00f6zberg.<\/p>\n<p>Seit Januar 2022 bin ich an der Bergstrasse 2 in Windisch.<\/p>\n<p>Bei mir werden Haarverl\u00e4ngerungen mit elastischem Faden angebracht und sie halten 5\u20136 Monate, bis sie erneuert oder entfernt werden m\u00fcssen.<\/p>\n<p>Neu habe ich auch Per\u00fccken im Angebot oder fertige sie speziell nach Ihren W\u00fcnschen an.<\/p>\n","protected":false},"excerpt":{"rendered":"<p>Ich heisse Sylvia Sandfuchs und stamme urspr\u00fcnglich aus Uganda. Ich lebe seit 1986 in der Schweiz. In Uganda sind die feinen Haarz\u00f6pfli sehr verbreitet und ich habe schon in meinem Herkunftsland gelernt, sie zu flechten. Seit 1998 habe ich ein Gesch\u00e4ft, wo ich auch Haarverl\u00e4ngerungen anbiete. Von 2017 bis 2021 befand es sich in B\u00f6zberg. &hellip; <\/p>\n<p class=\"link-more\"><a href=\"https:\/\/afro-beauty-salon.ch\/?page_id=9\" class=\"more-link\"><span class=\"screen-reader-text\">\u201e\u00dcber mich\u201c <\/span>weiterlesen<\/a><\/p>\n","protected":false},"author":4,"featured_media":0,"parent":0,"menu_order":2,"comment_status":"closed","ping_status":"closed","template":"","meta":{"ngg_post_thumbnail":0,"footnotes":""},"class_list":["post-9","page","type-page","status-publish","hentry"],"_links":{"self":[{"href":"https:\/\/afro-beauty-salon.ch\/index.php?rest_route=\/wp\/v2\/pages\/9","targetHints":{"allow":["GET"]}}],"collection":[{"href":"https:\/\/afro-beauty-salon.ch\/index.php?rest_route=\/wp\/v2\/pages"}],"about":[{"href":"https:\/\/afro-beauty-salon.ch\/index.php?rest_route=\/wp\/v2\/types\/page"}],"author":[{"embeddable":true,"href":"https:\/\/afro-beauty-salon.ch\/index.php?rest_route=\/wp\/v2\/users\/4"}],"replies":[{"embeddable":true,"href":"https:\/\/afro-beauty-salon.ch\/index.php?rest_route=%2Fwp%2Fv2%2Fcomments&post=9"}],"version-history":[{"count":25,"href":"https:\/\/afro-beauty-salon.ch\/index.php?rest_route=\/wp\/v2\/pages\/9\/revisions"}],"predecessor-version":[{"id":410,"href":"https:\/\/afro-beauty-salon.ch\/index.php?rest_route=\/wp\/v2\/pages\/9\/revisions\/410"}],"wp:attachment":[{"href":"https:\/\/afro-beauty-salon.ch\/index.php?rest_route=%2Fwp%2Fv2%2Fmedia&parent=9"}],"curies":[{"name":"wp","href":"https:\/\/api.w.org\/{rel}","templated":true}]}}

Über mich

<p><img loading="lazy" decoding="async" src="https://afro-beauty-salon.ch/wp-content/uploads/image/diverse foto/silvia_portraits.jpg" alt="" width="235" height="267" align="right" hspace="10"></p>
<p>Ich heisse Sylvia Sandfuchs und stamme ursprünglich aus Uganda. Ich lebe seit 1986 in der Schweiz.</p>
<p>In Uganda sind die feinen Haarzöpfli sehr verbreitet und ich habe schon in meinem Herkunftsland gelernt, sie zu flechten.</p>
<p>Seit 1998 habe ich ein Geschäft, wo ich auch Haarverlängerungen anbiete.</p>
<p>Von 2017 bis 2021 befand es sich in Bözberg.</p>
<p>Seit Januar 2022 bin ich an der Bergstrasse 2 in Windisch.</p>
<p>Bei mir werden Haarverlängerungen mit elastischem Faden angebracht und sie halten 5–6 Monate, bis sie erneuert oder entfernt werden müssen.</p>
<p>Neu habe ich auch Perücken im Angebot oder fertige sie speziell nach Ihren Wünschen an.</p>

<p>Ich heisse Sylvia Sandfuchs und stamme ursprünglich aus Uganda. Ich lebe seit 1986 in der Schweiz. In Uganda sind die feinen Haarzöpfli sehr verbreitet und ich habe schon in meinem Herkunftsland gelernt, sie zu flechten. Seit 1998 habe ich ein Geschäft, wo ich auch Haarverlängerungen anbiete. Von 2017 bis 2021 befand es sich in Bözberg. &hellip; </p>
<p class="link-more"><a href="https://afro-beauty-salon.ch/?page_id=9" class="more-link"><span class="screen-reader-text">„Über mich“ </span>weiterlesen</a></p>
